= 5*d + 17 + 6, -3*d - 3*y - 21 = 0. Let n(r) = 6*r**2 + 6*r + 9. Let k(x) = -x**2 - 1. Let i(w) = -5*k(w) - n(w). Give i(d).
4
Let v be 12*(-16)/16 - -7. Let d(c) = 14*c + 56. Determine d(v).
-14
Let x be 11942/(-56) + 6/(-8). Let n = 211 + x. Let r(t) = t**2 - 5*t - 4. Determine r(n).
20
Let p(g) = -2758 + 5509 - g - 2754. Calculate p(4).
-7
Let j(z) be the third derivative of 6*z**2 + 1/60*z**5 + 0 + 1/6*z**4 - 11/6*z**3 + 0*z. Let t(i) be the first derivative of j(i). Calculate t(-5).
-6
Let n(w) = 11*w**3 - w + 1. Let c(a) = a**3 + 6*a**2 - 6*a + 12. Let q be c(-7). Let i be (-77)/(-55) - (-3)/q. Suppose 4*t - i - 2 = 0. Calculate n(t).
11
Suppose 248 - 248 = -151*h. Let k(w) = 31 - 3*w + 0*w**3 + 4*w - w**3 - w**2. Give k(h).
31
Let v(y) = 12 + 28 + 37 - 4*y - 124. Give v(-12).
1
Let f(v) = -v**2 - v. Let k(u) = 2*u + 3. Let t(p) = -2*f(p) + k(p). Let n(a) = 2*a - 11. Let j be n(28). Suppose 0 = -5*z - j + 30. Determine t(z).
9
Let d(f) = -979*f - 54 + 506*f + 490*f. What is d(3)?
-3
Let b(l) = -30*l + 120. Let j be (7 - (-13 - -16) - 13) + 26/2. Calculate b(j).
0
Let j(o) = -o**2 + 4*o + 2. Let r be j(0). Let g be (-2)/(-3 - 4/(-2)). Let f(b) = -12*b**g + 5*b**2 - 6 - b + 6*b + 8*b**r. Give f(-6).
0
Let y(l) = 16*l**2 - l. Let p be -16 - -15 - -14*2. Suppose -2*b - 2*f + 50 = 0, -5*b - f - f = -134. Let v = p - b. Calculate y(v).
17
Let u(o) be the first derivative of 14*o**3/3 - 5*o**2 - 3*o + 41. Let y(d) = 5*d**2 - 3*d - 1. Let v(j) = 2*u(j) - 7*y(j). What is v(1)?
-5
Let i(n) = 0 + 23725*n - 47449*n + 23726*n - 2*n**2 + 5. Calculate i(8).
-107
Suppose -94 = -2*x + 186. Let h = 137 - x. Let r(f) = f**3 + 4*f**2 - f - 2. Determine r(h).
10
Let k(q) be the second derivative of q**6/120 + 2*q**5/15 + q**4/6 + q**3/6 + 12*q**2 + 73*q. Let h(z) be the first derivative of k(z). Calculate h(-7).
22
Let v(r) = 4*r**2 + 74*r - 17. Let i(h) = 13*h**2 + 209*h - 48. Let b(q) = 6*i(q) - 17*v(q). Give b(1).
7
Let m(u) = u. Let v = 363 + -243. Suppose -4*r = -0*r - v. Suppose -26*q - 16 = -r*q. What is m(q)?
4
Let w(b) = 2 + 117*b - 41*b - 34*b - 41*b. Suppose 2*g = 3*g + 3. Let l(r) = -r**2 - 5*r - 3. Let v be l(g). Determine w(v).
5
Let y(f) = -6*f + 2. Let w(k) = -3*k**2 + 4*k - 1. Let h(m) = -10*m**2 + 13*m - 3. Let v(j) = -3*h(j) + 8*w(j). Let b be v(-4). Let a = 123 - b. Give y(a).
14
Let i(o) = -82*o + 320. Let k be i(4). Let q(j) = 10*j. Give q(k).
-80
Let k(z) = -z - 4. Let m be k(3). Let r(g) = -26*g - 32. Let s(d) = 4*d + 3. Let t(b) = -r(b) - 6*s(b). Give t(m).
0
Let f(h) be the second derivative of h**4/12 + 7*h**3/2 - 3*h**2/2 - 28*h - 27. Give f(-21).
-3
Let f(b) = 22*b**2 + 5*b - 6. Let n(o) = o - 1. Let z(i) = -3*i**2 + 38*i + 14. Let r be z(13). Let h(a) = r*f(a) - 5*n(a). Calculate h(1).
21
Suppose 0 = -2*n - 3 - 1. Let d(i) be the first derivative of -2*i - 28 - 5/2*i**2. Calculate d(n).
8
Let w(o) be the second derivative of o**5/20 - o**4 + 2*o**3/3 - 29*o**2/2 + 42*o + 2. Determine w(12).
19
Let l(f) = -3*f + 9682*f**2 + f**3 - 51 + 6 - 27 - 9660*f**2. What is l(-22)?
-6
Let y be ((-12)/(-28))/(65/1365). Let w(i) = -i - 1. Let p(h) = -4*h + 12. Let g(z) = -p(z) + w(z). What is g(y)?
14
Let z(u) = -u**3 - 13*u**2 + 15*u + 10. Let y(g) = -g**2 - 9*g + 22. Let n = 243 + -255. Let a be y(n). Give z(a).
-4
Let x(l) = 7*l - 3. Let t = -398 + 273. Let r(b) = -5*b**3 + 8*b - 18. Let o be r(3). Let s = t - o. Calculate x(s).
25
Let d(k) = -19 + 19 + 77168*k + 72 - 77199*k. What is d(2)?
10
Suppose -2*k - j = -k - 2, -5*k + 19 = 2*j. Let x(u) = 0*u**2 + 66 - 4*u - k*u + u**2 - 53. Determine x(7).
-1
Suppose -69*d + 63*d - 12 = 3*o, 12 = 3*o - 2*d. Let a = -6 - -9. Suppose a*g - 1 = o*g. Let v(k) = 6*k - 1. Calculate v(g).
5
Let k(z) = -2*z**2 - 2*z + 2. Let n be 3 - (0 - -4 - 3). Suppose 6 = n*u - 0*u. Let h be ((-3)/u)/(5/(-10)). Determine k(h).
-10
Let u(w) = -w**3 + 6*w**2 - 1. Suppose -59*x = -65*x + 168. Let a be (-8)/(-6) - x/(-6). Give u(a).
-1
Let b(w) = -w**3 - 7*w**2 - 5*w + 2. Suppose 35 + 17 = 26*o. Suppose -2*n = -5*f + 17, -12 = 3*n + 4*f + o. Calculate b(n).
-4
Let j = 523 + -523. Suppose 5*q + 15 = -2*r - 0, 5*q - 2*r + 15 = j. Let o(v) = 7*v + 2. Give o(q).
-19
Let v(a) = a + 9. Suppose 4*d - i - 2 = 0, 2*i - 33 = -37. Give v(d).
9
Let g(n) = -1787 - 1838 - n**2 + 3590 + 11*n. Determine g(4).
-7
Let l(j) be the first derivative of -2*j**2 + 1/3*j**3 + 9 - 6*j. Let n = 1175 - 1169. What is l(n)?
6
Let v(l) be the first derivative of l**2/2 + l - 22. Let g = -86 - -32. Let f be 12/g + (-56)/(-9). Calculate v(f).
7
Let t = -2 - -5. Suppose -2*o - t = -7. Let a(i) be the second derivative of i**4/4 - i**3/2 + i**2/2 - 279*i. Calculate a(o).
7
Let o be (42/(-9))/(6/9). Let b(u) be the first derivative of -u**3/3 - 5*u**2/2 - 5*u - 1519. Give b(o).
-19
Let z(l) = l**3 + 8*l**2 - 6*l - 6. Let q = 107 - 104. Let o(t) = -t**3 - 9*t**2 + 5*t + 6. Let m(h) = q*z(h) + 2*o(h). Let c = 2 + -9. What is m(c)?
1
Let o be (-18)/(-18)*(7 + -9). Let y(j) = 2*j**2 - 9*j. Let d(h) = -h**2 + h - 1. Let b(w) = 3*d(w) + y(w). Determine b(o).
5
Let y(q) be the first derivative of -q**3/3 - q**2 + 9*q - 1090. Suppose -3*d - d = -4*v + 40, -2*d + 10 = 4*v. Give y(d).
-6
Let b(a) = -3*a**2 + 4*a - 16. Let o(d) = 5*d**2 - 6*d + 16. Let r(u) = 3*b(u) + 2*o(u). Determine r(-3).
-7
Let x(d) be the first derivative of -13*d**4/4 - 48*d**3 - 11*d**2/2 + 12*d - 56. Calculate x(-11).
12
Let f(c) be the first derivative of -5*c**2/2 + c + 212. Let q = -1 + 4. Calculate f(q).
-14
Let y be (-45)/(-20)*(-12)/(-9). Let z(h) be the third derivative of 0 - 5/24*h**4 + 0*h + 4*h**2 - 2/3*h**y - 1/60*h**5. Determine z(-3).
2
Let r(a) = a**3 - a**2 - a. Let c(i) = -7*i**2 - 2*i - 3. Let p(t) = -c(t) + r(t). Let b be ((-76)/3)/(6/(-63)). Suppose 0 = b*q - 275*q - 54. Calculate p(q).
-3
Let p(b) = 18*b + 244. Let t(a) = 6*a + 75. Let w(u) = -2*p(u) + 7*t(u). Determine w(-6).
1
Let z(a) = -5*a - 2. Let y be z(-2). Let k(x) = x + 5*x - y*x. Suppose -65*n = -93*n - 28. Determine k(n).
2
Let v(r) = r**3 - 4*r**2 + 4*r - 1. Let n be v(3). Let z(o) = -24*o - 1. Let u be z(n). Let s = -55 - u. Let b(d) = -d**3 - 7*d**2 - 4*d + 2. What is b(s)?
-10
Let t(b) = b**2 + 10*b + 5. Let i(c) = -25*c - 4 + 6*c - 2*c**2 - 5. Let p(j) = 6*i(j) + 11*t(j). Let l be (96/18 + -7)*3. Give p(l).
-4
Suppose 5*z = -5*w + 90, w + 3*w - 4*z = 72. Suppose -7*y = 2*y - w. Let v(x) = x**2 + 1 - 2*x**3 + x - y + 10 - 7. Determine v(2).
-8
Let u(t) be the first derivative of -t**4/4 - 2*t**3 - 3*t**2/2 + 4*t - 38. Let s = 17 - 12. Suppose 0*w = 2*w + s*y + 23, 35 = -5*w - 5*y. Determine u(w).
-16
Let b(c) be the third derivative of c**5/20 + 4260*c**2. Determine b(2).
12
Suppose 3*n = -2*n + 60. Let k(j) = 85*j**2 - 19*j - 43. Let r(f) = 12*f**2 - f - 4. Let c(a) = -k(a) + 7*r(a). Determine c(n).
15
Let l(h) = h**3 + 9*h**2 + 16*h + 17. Suppose -153*x = 262 + 809. Determine l(x).
3
Let d(i) = -71*i - 8 + 142*i - 76*i + i**2. Give d(11).
58
Let h(j) = j**2 + 21*j + 42. Let r be h(-19). Let n(o) = 57*o - 3 + 62*o + r + 1 - 120*o. Suppose 2*s = -2*p + 8, 3 = 4*p - 2*p + 3*s. What is n(p)?
-7
Let g(i) = 2*i**2 - 5*i - 39. Let a(c) = c**2 - 3*c - 19. Let h(o) = -9*a(o) + 4*g(o). Let j be h(9). Let k(b) = 3*b**2 + 3. What is k(j)?
30
Let t(y) be the first derivative of y**3/3 - 3*y**2/2 + 9*y - 6580. Calculate t(7).
37
Let f be 47/9 + ((-42)/(-54) - 1). Let s(a) = 5*a - 21. Calculate s(f).
4
Suppose 23*d = -56 + 240. Let j(b) = 61*b**2 + 17 + 61*b**2 - d*b - 123*b**2 - 5. What is j(-9)?
3
Let m(u) = -6*u - 6. Let h(d) = -d**2 + 6*d + 1. Let o be h(6). Let p(s) = s. Suppose -2*v + 9*r = 7*r, 4*v - 9 = r. Let c(w) = o*m(w) + v*p(w). What is c(7)?
-27
Let l(u) be the third derivative of 0*u - 1/60*u**5 + 7/24*u**4 - 52*u**2 - 5/6*u**3 + 0. Calculate l(6).
1
Suppose 16 = 8*p - 0. Suppose -8*m + 26 = 3*h - 4*m, -p*m = -2*h - 6. Let c(j) = 3*j**2 - j + 2. Give c(h).
12
Let m(z) = -z**3 + 10*z**2 + 7*z - 22. Let r be m(10). Suppose -r = 12*n - 36*n. Let h(i) = -3*i**3 + 2*i**2 - i. Calculate h(n).
-18
Let p = 176 - 135. Suppose 42*k - p*k - 4 = 0, -4*a - 3*k + 4 = 0. Let q(u) = 12*u - 3. Determine q(a).
-27
Let x(d) = -d**3 - 15*d**2 - 58*d - 17. Let o be x(-8). Let u(h) = 8*h**3 + 8*h + 2. Let t(b) = -7*b*